(s) = -10*s**3 - 12*s**2 - 180*s + 10. Let w(n) = -n**3 - 2*n**2 - 22*n + 2. Let k(q) = j(q) - 8*w(q). Give k(2).
-14
Let w be (1/(-2))/(1/(-8)). Let t(g) be the first derivative of g**2/2 - 5*g - 25375. What is t(w)?
-1
Let w = 4 + -9. Let r be (-10)/w + 1 + -5. Let x(l) = -l + 23. Let n(p) = p - 31. Let f(g) = -3*n(g) - 4*x(g). Determine f(r).
-1
Let k(l) = l**2 + 24*l - 58. Let d be k(-26). Let c(y) = -y**2 - 4*y + 12. Let a be c(d). Let b(x) = a*x + 114 - 116 + x. What is b(2)?
0
Let k(f) = -2*f**3 + 16*f**2 + 4*f. Let s be 9/((-432)/12)*(2 - 34). Determine k(s).
32
Let n(f) = -f**3 - f + 6. Let l be -2 + 14/(-2)*-1. Suppose -2*r - 17 = -l*b, 3*r - r + 2*b - 18 = 0. Let u be r - (6 - 2)*1. Determine n(u).
6
Suppose -3*m - 8 = -4*i - 5*m, 4*i - 18 = 3*m. Let d(a) = a**2 - 5*a + 1. Let u(x) = x**2 - 6*x + 2. Let o(y) = i*u(y) - 2*d(y). Let c = 15 - 7. Give o(c).
4
Let b(r) = -2*r**2 + 5*r - 3. Let f = -116 + 109. Let g be 8 - (-5 - -2 - f). Determine b(g).
-15
Suppose -2*u + 5*r = -0*u + 30, -r = -3*u - 19. Let x(c) be the second derivative of -c**5/20 - c**4/2 - 2*c**3/3 + 3*c**2 + 55*c - 28. Determine x(u).
1
Let o(n) be the third derivative of -7*n**6/120 - n**5/60 + n**4/12 + 2*n**3/3 + 2770*n**2. Determine o(-2).
52
Let p(m) = -2*m + 3. Let h = 599 + -634. Let r = h + 30. Give p(r).
13
Let w(y) = 10*y**2 + 11*y + 1. Suppose 3*r - 628*k = -631*k - 15, r + 17 = -4*k. Calculate w(r).
0
Let s = -176 + 179. Let k(v) = v**2 - s*v - 8*v**2 - 100 + 96 - v**3 - 5*v. What is k(-6)?
8
Let y be 5/(-1)*30/(-75). Suppose -y*j - 4*b = 14, -28 = 7*j - 3*j + b. Let o(v) = -4 - 6*v**2 - 13*v**2 + 25*v**2 - 6*v + v**3. Calculate o(j).
-11
Let n(z) = z**3 + 8*z**2 - z - 11. Let k = 186 + -261. Let t be (159/(-4))/((k/40)/(-5)). Let l = t + 98. Calculate n(l).
-3
Let p(o) be the second derivative of o**4/3 - o**3 + 6*o**2 - 10*o + 9. What is p(5)?
82
Let j(r) be the first derivative of -r**3 + 6*r**2 + 10*r - 302. What is j(5)?
-5
Let f(o) = o**3 - 6*o**2 - 65*o + 355. Suppose 7*g = -y + 26, -2*g + 26 = -128*y + 132*y. Calculate f(y).
5
Let z(h) = -7*h + 161. Let n(v) = 28*v - 660. Let o(c) = 3*n(c) + 13*z(c). What is o(18)?
-13
Let b(t) = -5*t**3 - 2*t**2 + 5*t - 2. Suppose -h = 4*n + 25, -20 = 3*n + 1. Determine b(h).
-140
Let s(x) = 0*x + 4*x + 3*x + 4 - 8*x. Let k(f) = -33*f - 90. Let p be k(-3). Determine s(p).
-5
Let w be ((-31 + 66)/105)/(1/(34 + -1)). Let a(k) = -k**2 + 11*k + 4. What is a(w)?
4
Let l(s) = s**2 - 21*s - 52. Suppose 108*z - 118*z + 135 = -95. Determine l(z).
-6
Suppose 59*n + 4183 = -141*n + 1583. Let d(y) = -y**3 - 14*y**2 - 12*y + 24. What is d(n)?
11
Suppose 3*l = -4*i + 8*i - 36, -4*i + 68 = 5*l. Let z(m) = -12*m + 906*m**2 - 298*m**2 - 1 - 305*m**2 - 302*m**2. Calculate z(i).
-1
Let a(h) = -h**2 - 4*h + 4. Let z be a(-3). Suppose -8 = 3*d - z*d. Let v(c) = c**2 - 1. Let f(t) = -t**2 + 2. Let n(r) = -2*f(r) - 3*v(r). Calculate n(d).
-5
Let m(g) = g**3 + 4*g**2 - 2*g - 4. Let o(l) = l**3 + 8*l**2 + 9*l + 7. Let p be o(-9). Let y = -77 - p. Let j = y - 82. Calculate m(j).
4
Let u(n) be the first derivative of 3*n**2/2 + 3*n + 5144. Suppose 2*m + 0*m + 10 = 0. Calculate u(m).
-12
Suppose -108 = 4*g + 4*k - 100, 0 = g + 2*k + 7. Let o(w) = -2*w**2 + 7*w - 8. What is o(g)?
-5
Let d(n) = -2*n**2 - 101*n + 378. Suppose 0 = -49*o - 1613 + 998 - 2031. What is d(o)?
0
Let b(h) = -1 - 272*h - 2 - h**3 - 7*h**2 - 4 + 554*h - 289*h. Calculate b(-6).
-1
Suppose -b - 6 - 2 = -4*t, -2*t - b = -10. Let p(z) = -3*z + 186 + 185 + 185 - 553. What is p(t)?
-6
Let q(j) = 2*j**2 + 99*j + 45. Let y(o) = -o**2 - 54*o - 23. Let n(p) = -6*q(p) - 11*y(p). Determine n(5).
-42
Suppose -k - 19 + 10 + 11 = 0. Let v(r) = r**3 + 6*r - 13. Determine v(k).
7
Let p(t) = -26 + 150*t**2 - 94*t**2 + 5*t - 9*t**3 + 19 - 55*t**2. Give p(1).
-10
Let r(z) = z**2 + 6*z + 3. Let o be r(-7). Let g(t) be the first derivative of -t**4/4 + 11*t**3/3 - 5*t**2 - 2*t + 167. Determine g(o).
-2
Let t(y) = -9 + 0*y**2 - y**2 + 6*y + 2*y**2. Let j = 1261 + -1766. Let b = j - -497. Give t(b).
7
Let d(m) = 2*m**3 + 6*m**2 + 4*m - 3. Let b = -11553 - -11548. Give d(b).
-123
Let m(x) = -7*x - 18 + 8 + 6. Let w(y) = -6*y - 3. Let n(z) = -5*m(z) + 6*w(z). Let o = 1296 + -1303. Calculate n(o).
9
Let x(t) = 11*t**2 + 6*t + 34. Let d(u) = -9*u**2 - 7*u - 28. Let z(c) = -5*d(c) - 4*x(c). Suppose -6 = -2*w - 22. Determine z(w).
-20
Let a(u) be the second derivative of -u**4/4 + 17*u**3/6 + 3*u**2 - u - 160. What is a(6)?
0
Let h(y) = -3*y - 2. Suppose 232 = -3*b - 2. Suppose -5*w + 360 = -5*o, -5*w - 7 = 13. Let s = b - o. Give h(s).
4
Suppose -2*d = 3*d - 5. Let u be 4/(-18) + (-704)/72 + 10. Let g(o) = u + 4*o**2 - o**2 + 0*o**2 - 1. Determine g(d).
2
Let k(y) = -11*y**2 - 27*y + 12. Let x(p) = -3*p**2 + 1. Let o(j) = -k(j) + 5*x(j). Determine o(6).
11
Let g(l) be the second derivative of -l**5/2 - l**4/6 - l**3/6 - 3*l. Let q be (1/1 + 2)*(-4 + -14)/54. What is g(q)?
9
Let p(v) = -12*v**3 - 4*v**2 + 6*v - 6. Let c(m) = -2*m**2 - m + 3*m**2 + m**3 - 2 + 0 + 3. Let x(n) = -5*c(n) - p(n). Let k be 7/(-14)*(-20)/10. What is x(k)?
6
Suppose -25*m + 2*q + 273 = 0, 4*m - 14 = q + 29. Let y(z) = z**3 - 11*z**2 - 3*z + 24. Determine y(m).
-9
Let h(f) be the first derivative of -f**4/4 - 9*f**3 - f**2 - 59*f - 5754. Give h(-27).
-5
Let i = -6 - -3. Let f(l) = l**2 - 37. Let r be f(6). Let q(v) = v**2 + v - 2. Let g(w) = 5*w**2 + 5*w - 10. Let m(k) = r*g(k) + 3*q(k). Determine m(i).
-8
Let n(z) = z**2 + 14*z + 3. Let u be (38/10)/((-23)/(-575)). Let i be (-2 - -7) + u/(-2 + -3). Give n(i).
3
Let o(z) = z**3 + 10*z**2 + 11*z + 12. Suppose 0 = 61*m - 56*m - 5*c + 60, 2*c = -2*m - 12. Determine o(m).
-6
Let g(m) be the third derivative of 7*m**4/12 + 107*m**3/6 - 2785*m**2. Give g(-8).
-5
Let f(j) = -5*j**2 + 16*j - 123. Let k(a) = -22*a**2 + 65*a - 536. Let w(r) = 9*f(r) - 2*k(r). Give w(5).
10
Let j(n) = -7*n + 6. Let s(t) = 2*t + 1. Let w be 5/(-3) - ((-152)/(-24) - 6). Let h(m) = w*s(m) - j(m). Suppose -i + 0 + 7 = 0. Determine h(i).
13
Let o = 313 - 309. Let i(h) = 4*h + 15. Let n(r) = -r - 7. Let w(y) = 4*i(y) + 10*n(y). Determine w(o).
14
Let a = -53 - -55. Let x(v) = 19128*v**2 - 8 - 19129*v**2 - 6*v + a. What is x(-4)?
2
Let a(c) = -c**2 + c. Let o(t) = 178*t - 322. Let s be o(2). Suppose 67 = -5*f - 103. Let b = f + s. What is a(b)?
0
Let a(s) = 43*s**3 + 26*s**2 - 2*s + 39. Let m(f) = -16*f**3 - 9*f**2 - 13. Let h(p) = 3*a(p) + 8*m(p). What is h(-6)?
49
Let h(f) be the second derivative of -f**5/20 + 13*f**4/6 + f**3/6 - 13*f**2 + 75*f - 25. Determine h(26).
0
Let z(b) be the first derivative of -b**2/2 - 5*b + 2. Let u(d) = -1. Let c = -7863 - -7859. Let a(w) = c*u(w) + z(w). Calculate a(5).
-6
Let d(t) = 2*t**3 - 11*t**2 - 62*t - 7. Suppose 2*c + 52 = 4*y, 45 - 51 = 2*y + 3*c. Calculate d(y).
2
Let n be (-1)/((-3*(-14)/(-21))/2). Let g(z) = -z + 2. Determine g(n).
1
Let j(k) = k**2 - 22*k + 59. Let r be j(19). Let c(f) = 5*f + 6*f - 8*f - f**2 - r + 3. What is c(4)?
-3
Let b(x) = -x**3 + 51*x**2 - 53*x + 154. Let z be b(50). Let f(j) = -j - 3. Let q be f(-5). Let u(v) = 2*v - q - 3*v + 2*v + 0*v. Give u(z).
2
Let o(p) = 2*p**2 - 2*p + 9. Let v be (-3 + 72/21)*(47 + -40). Give o(v).
21
Let a = -59 + 54. Let j(c) be the third derivative of 1/3*c**3 + 0*c + 0 - 17*c**2 - 1/24*c**4. Give j(a).
7
Suppose -3*a + 14 = 2. Suppose a*l - 106 - 22 = 0. Suppose 0 = 2*i + 4*j - l, -2*i + 49 = 2*i + 5*j. Let v(t) = -t**2 + 7*t. Give v(i).
6
Let d(s) be the first derivative of -5*s**2/2 - 9*s - 4948. Calculate d(11).
-64
Let b(w) = 11*w**2 - 40*w + 15. Let d(o) = 6*o**2 - 21*o + 8. Let u(t) = -5*b(t) + 9*d(t). Determine u(8).
21
Let j(v) be the second derivative of -v**4/12 + 11*v**3/3 - 22*v**2 - 6776*v. Determine j(19).
13
Let r(l) = -5*l**3 - 1 - l**3 + 3*l**3 + 4*l**3. Let b = -25047 - -25050. Give r(b).
26
Let q(k) be the second derivative of k**4/12 - 35*k**3/6 - 249*k**2/2 + 4525*k. Give q(41).
-3
Let d(f) = -9*f**3 + 2*f**2 + f. Let w be (-4 + 855/20)*(0 + 4). Let t = 154 - w. Determine d(t).
10
Let p(x) be the third derivative of -x**6/120 - x**5/60 - x**4/6 - x**3/2 - 7784*x**2. What is p(-3)?
27
Let h be 1964/20 + (-1)/15*3. Suppose -4*z - 5*p = -28 - 24, h = 5*z - 2*p. Let w(j) = -j**2 + 20*j